ctors of 20504.
2, 11, 233
What are the prime factors of 426?
2, 3, 71
List the prime factors of 713.
23, 31
What are the prime factors of 162600?
2, 3, 5, 271
What are the prime factors of 19715?
5, 3943
List the prime factors of 15492.
2, 3, 1291
What are the prime factors of 75537?
3, 7, 11, 109
List the prime factors of 10401.
3, 3467
What are the prime factors of 13125?
3, 5, 7
List the prime factors of 627.
3, 11, 19
List the prime factors of 1189.
29, 41
What are the prime factors of 900?
2, 3, 5
List the prime factors of 40197.
3, 13399
What are the prime factors of 131070?
2, 3, 5, 17, 257
What are the prime factors of 1510?
2, 5, 151
List the prime factors of 94528.
2, 7, 211
What are the prime factors of 3608?
2, 11, 41
List the prime factors of 3182.
2, 37, 43
What are the prime factors of 11776?
2, 23
List the prime factors of 1456.
2, 7, 13
What are the prime factors of 2241?
3, 83
What are the prime factors of 15864?
2, 3, 661
List the prime factors of 6820.
2, 5, 11, 31
List the prime factors of 1150.
2, 5, 23
List the prime factors of 1932.
2, 3, 7, 23
List the prime factors of 158114.
2, 11, 7187
List the prime factors of 150486.
2, 3, 7, 3583
What are the prime factors of 801?
3, 89
List the prime factors of 140234.
2, 70117
What are the prime factors of 1115?
5, 223
What are the prime factors of 57774?
2, 3, 9629
What are the prime factors of 10079?
10079
What are the prime factors of 4508?
2, 7, 23
What are the prime factors of 172519?
172519
What are the prime factors of 2636?
2, 659
List the prime factors of 202.
2, 101
What are the prime factors of 284?
2, 71
List the prime factors of 7666.
2, 3833
What are the prime factors of 19051?
19051
What are the prime factors of 1040?
2, 5, 13
List the prime factors of 58076.
2, 14519
What are the prime factors of 140?
2, 5, 7
List the prime factors of 2857.
2857
List the prime factors of 133666.
2, 13, 53, 97
List the prime factors of 30601.
71, 431
List the prime factors of 18882.
2, 3, 1049
What are the prime factors of 123462?
2, 3, 19
What are the prime factors of 19109?
97, 197
What are the prime factors of 76627?
19, 37, 109
List the prime factors of 45416.
2, 7, 811
What are the prime factors of 1122?
2, 3, 11, 17
What are the prime factors of 14876?
2, 3719
What are the prime factors of 12205?
5, 2441
What are the prime factors of 66286?
2, 11, 23, 131
List the prime factors of 9482.
2, 11, 431
What are the prime factors of 4763?
11, 433
What are the prime factors of 19400?
2, 5, 97
List the prime factors of 93755.
5, 17, 1103
List the prime factors of 574.
2, 7, 41
What are the prime factors of 976?
2, 61
List the prime factors of 77.
7, 11
What are the prime factors of 16711?
17, 983
What are the prime factors of 5227?
5227
What are the prime factors of 332?
2, 83
What are the prime factors of 5291?
11, 13, 37
List the prime factors of 295.
5, 59
What are the prime factors of 2996?
2, 7, 107
What are the prime factors of 4064?
2, 127
List the prime factors of 130234.
2, 13, 5009
List the prime factors of 24452.
2, 6113
What are the prime factors of 19009?
19009
What are the prime factors of 25921?
7, 23
List the prime factors of 40822.
2, 20411
List the prime factors of 2092.
2, 523
What are the prime factors of 1045?
5, 11, 19
List the prime factors of 673.
673
List the prime factors of 931.
7, 19
List the prime factors of 28779.
3, 53, 181
What are the prime factors of 31885?
5, 7, 911
What are the prime factors of 5957?
7, 23, 37
List the prime factors of 25424.
2, 7, 227
List the prime factors of 2796.
2, 3, 233
What are the prime factors of 5577?
3, 11, 13
What are the prime factors of 17715?
3, 5, 1181
List the prime factors of 12540.
2, 3, 5, 11, 19
List the prime factors of 154620.
2, 3, 5, 859
What are the prime factors of 534?
2, 3, 89
What are the prime factors of 3412?
2, 853
List the prime factors of 3.
3
List the prime factors of 1276.
2, 11, 29
List the prime factors of 17708.
2, 19, 233
What are the prime factors of 1129?
1129
List the prime factors of 804.
2, 3, 67
What are the prime factors of 124501?
13, 61, 157
What are the prime factors of 1038?
2, 3, 173
What are the prime factors of 12642?
2, 3, 7, 43
List the prime factors of 43058.
2, 21529
List the prime factors of 76229.
31, 2459
List the prime factors of 4398.
2, 3, 733
What are the prime factors of 32442?
2, 3, 5407
List the prime factors of 681.
3, 227
List the prime factors of 1086.
2, 3, 181
What are the prime factors of 3670?
2, 5, 367
What are the prime factors of 9164?
2, 29, 79
List the prime factors of 329.
7, 47
List the prime factors of 4224.
2, 3, 11
What are the prime factors of 17659?
17659
List the prime factors of 13974.
2, 3, 17, 137
What are the prime factors of 44467?
53, 839
List the prime factors of 11977.
7, 29, 59
What are the prime factors of 269?
269
What are the prime factors of 1013?
1013
List the prime factors of 740.
2, 5, 37
List the prime factors of 13191.
3, 4397
What are the prime factors of 7421?
41, 181
What are the prime factors of 44230?
2, 5, 4423
What are the prime factors of 2950?
2, 5, 59
What are the prime factors of 7828?
2, 19, 103
List the prime factors of 35788.
2, 23, 389
List the prime factors of 2807.
7, 401
What are the prime factors of 1347?
3, 449
What are the prime factors of 95626?
2, 137, 349
What are the prime factors of 5852?
2, 7, 11, 19
What are the prime factors of 22959?
3, 2551
What are the prime factors of 14377?
11, 1307
List the prime factors of 420.
2, 3, 5, 7
What are the prime factors of 649?
11, 59
List the prime factors of 254.
2, 127
What are the prime factors of 1353?
3, 11, 41
List the prime factors of 3587.
17, 211
What are the prime factors of 35849?
11, 3259
List the prime factors of 21902.
2, 47, 233
What are the prime factors of 2194?
2, 1097
What are the prime factors of 3734?
2, 1867
What are the prime factors of 8274?
2, 3, 7, 197
What are the prime factors of 599?
599
What are the prime factors of 36944?
2, 2309
What are the prime factors of 12852?
2, 3, 7, 17
What are the prime factors of 3332?
2, 7, 17
What are the prime factors of 28903?
7, 4129
What are the prime factors of 39294?
2, 3, 37, 59
What are the prime factors of 81494?
2, 7, 5821
List the prime factors of 19653.
3, 6551
List the prime factors of 1668.
2, 3, 139
List the prime factors of 19835.
5, 3967
List the prime factors of 85365.
3, 5, 7, 271
List the prime factors of 97408.
2, 761
List the prime factors of 10775.
5, 431
List the prime factors of 19172.
2, 4793
What are the prime factors of 12723?
3, 4241
What are the prime factors of 41905?
5, 17, 29
What are the prime factors of 118695?
3, 5, 41, 193
What are the prime factors of 758?
2, 379
List the prime factors of 21719.
37, 587
List the prime factors of 193.
193
What are the prime factors of 927?
3, 103
What are the prime factors of 12839?
37, 347
What are the prime factors of 10498?
2, 29, 181
List the prime factors of 1139.
17, 67
What are the prime factors of 24697?
24697
List the prime factors of 673.
673
What are the prime factors of 160?
2, 5
List the prime factors of 133.
7, 19
List the prime factors of 43560.
2, 3, 5, 11
What are the prime factors of 814?
2, 11, 37
List the prime factors of 315.
3, 5, 7
List the prime factors of 45740.
2, 5, 2287
List the prime factors of 1453.
1453
List the prime factors of 875.
5, 7
List the prime factors of 4772.
2, 1193
List the prime factors of 504.
2, 3, 7
What are the prime factors of 44175?
3, 5, 19, 31
List the prime factors of 841.
29
List the prime factors of 3683.
29, 127
List the prime factors of 1329.
3, 443
List the prime factors of 8364.
2, 3, 17, 41
What are the prime factors of 5?
5
List the prime factors of 3764.
2, 941
List the prime factors of 17148.
2, 3, 1429
What are the prime factors of 1914?
2, 3, 11, 29
What are the prime factors of 107248?
2, 6703
List the prime factors of 5684.
2, 7, 29
List the prime factors of 1026.
2, 3, 19
What are the prime factors of 8035?
5, 1607
List the prime factors of 32056.
2, 4007
What are the prime factors of 20111?
7, 13, 17
List the prime factors of 1258.
2, 17, 37
List the prime factors of 61074.
2, 3, 13, 29
List the prime factors of 47314.
2, 41, 577
What are the prime factor